on divisor of 6 and 13582.
2
What is the greatest common factor of 156213 and 153?
153
Calculate the greatest common factor of 129 and 109048.
43
Calculate the highest common divisor of 744 and 6144.
24
What is the greatest common factor of 6640 and 4164608?
1328
What is the highest common factor of 308926 and 2324?
166
What is the highest common factor of 161 and 46?
23
What is the greatest common divisor of 412 and 731506?
206
What is the highest common divisor of 32 and 161968?
16
Calculate the highest common divisor of 2936 and 312.
8
What is the highest common divisor of 2944 and 18032?
368
What is the greatest common divisor of 8844 and 660?
132
Calculate the highest common factor of 3220 and 434.
14
What is the highest common factor of 130 and 3583?
1
Calculate the greatest common divisor of 77515 and 838.
419
What is the greatest common factor of 20 and 360330?
10
What is the highest common factor of 144 and 5376?
48
What is the highest common factor of 13 and 105911?
13
What is the highest common divisor of 880 and 1031760?
80
Calculate the greatest common factor of 12034 and 242.
22
Calculate the greatest common divisor of 2007 and 58977.
9
What is the highest common factor of 243297 and 108?
27
What is the greatest common divisor of 243 and 4924638?
243
Calculate the greatest common factor of 15309 and 281799.
567
What is the greatest common factor of 107670 and 6790?
970
Calculate the greatest common factor of 4878 and 522.
18
Calculate the greatest common factor of 1800 and 16704.
72
Calculate the highest common divisor of 225 and 10755.
45
What is the highest common factor of 2548 and 104832?
364
Calculate the greatest common factor of 51777 and 132.
33
Calculate the highest common factor of 689 and 16589.
53
Calculate the greatest common divisor of 95 and 125704.
19
What is the highest common divisor of 240942 and 48?
6
Calculate the greatest common divisor of 15523 and 57.
19
Calculate the highest common divisor of 52 and 21216.
52
What is the greatest common factor of 193 and 757139?
193
What is the greatest common factor of 17698 and 4?
2
Calculate the greatest common divisor of 2041310 and 580.
290
Calculate the greatest common factor of 62730 and 30750.
1230
What is the greatest common divisor of 3108 and 1344?
84
What is the greatest common divisor of 1204 and 172?
172
Calculate the greatest common divisor of 44 and 110462.
22
Calculate the highest common factor of 280 and 41.
1
Calculate the highest common factor of 3046134 and 78.
78
Calculate the highest common factor of 114 and 1045665.
57
What is the greatest common factor of 155 and 305?
5
What is the highest common factor of 638 and 11506?
22
What is the highest common factor of 2618 and 29546?
374
What is the greatest common factor of 4188 and 652281?
1047
Calculate the greatest common factor of 1879005 and 855.
285
Calculate the greatest common factor of 18 and 6294.
6
What is the highest common divisor of 782 and 6879254?
782
Calculate the highest common divisor of 51 and 3723.
51
What is the highest common factor of 40634 and 55?
11
Calculate the greatest common divisor of 7590 and 1342.
22
Calculate the greatest common divisor of 38 and 3362487.
19
Calculate the highest common divisor of 280575 and 315.
45
Calculate the highest common divisor of 4762284 and 3.
3
What is the highest common divisor of 203 and 9343481?
203
What is the greatest common divisor of 70 and 2648135?
35
Calculate the greatest common factor of 3891080 and 1335.
445
What is the highest common divisor of 37850 and 125?
25
What is the greatest common divisor of 104448 and 51?
51
What is the highest common divisor of 52 and 278798?
26
Calculate the highest common divisor of 27261 and 26.
13
What is the greatest common divisor of 140 and 53844?
28
Calculate the greatest common factor of 4488 and 979.
11
Calculate the highest common divisor of 646645 and 1495.
115
Calculate the greatest common divisor of 30 and 284190.
30
Calculate the highest common divisor of 1796594 and 6307.
901
What is the highest common factor of 82 and 482?
2
Calculate the greatest common factor of 108730 and 131000.
1310
Calculate the greatest common divisor of 13034 and 9065.
49
What is the greatest common divisor of 4545 and 1111?
101
What is the highest common factor of 9808 and 112?
16
Calculate the highest common divisor of 4294 and 47614.
38
What is the greatest common factor of 25 and 3065?
5
Calculate the highest common divisor of 7437 and 26862.
111
Calculate the greatest common divisor of 24 and 27912.
24
Calculate the highest common factor of 9276 and 84.
12
What is the highest common divisor of 277168 and 8?
8
Calculate the greatest common factor of 672 and 864.
96
What is the highest common divisor of 10017 and 5883?
159
Calculate the highest common divisor of 990 and 4565.
55
What is the greatest common divisor of 182778 and 615?
123
What is the highest common divisor of 14721 and 315?
21
What is the greatest common divisor of 2814 and 24522?
402
Calculate the highest common divisor of 1034970 and 15.
15
What is the greatest common factor of 133 and 8968722?
133
Calculate the greatest common factor of 550 and 1133.
11
What is the greatest common divisor of 683 and 3415?
683
Calculate the greatest common divisor of 32566 and 152.
38
What is the greatest common divisor of 295 and 39835?
5
Calculate the greatest common divisor of 671364 and 136.
68
Calculate the highest common factor of 11661 and 88725.
507
Calculate the highest common divisor of 990 and 45914.
22
What is the highest common factor of 410 and 12890?
10
What is the highest common factor of 1565 and 51?
1
Calculate the greatest common factor of 273 and 259168.
91
What is the highest common factor of 821469 and 341?
341
Calculate the greatest common factor of 1919 and 5353.
101
What is the greatest common divisor of 154 and 936738?
22
What is the greatest common divisor of 4853433 and 13?
13
Calculate the greatest common factor of 105480 and 320.
40
Calculate the highest common divisor of 392 and 270424.
56
What is the greatest common factor of 4421838 and 6?
6
Calculate the greatest common factor of 1932 and 13938.
138
Calculate the greatest common factor of 351947 and 142.
71
What is the highest common divisor of 1443 and 64047?
111
Calculate the highest common divisor of 48 and 485592.
24
Calculate the highest common divisor of 124173 and 171801.
1701
What is the highest common factor of 43520 and 28220?
340
What is the greatest common divisor of 560 and 5920?
80
Calculate the highest common factor of 141050 and 34775.
325
Calculate the highest common divisor of 2126674 and 11.
11
What is the highest common divisor of 1924 and 182?
26
What is the highest common factor of 33464 and 16376?
712
What is the highest common factor of 780 and 90740?
260
What is the greatest common divisor of 445 and 223301?
89
Calculate the highest common divisor of 18 and 76122.
18
What is the highest common factor of 798 and 6726?
114
What is the highest common divisor of 938980 and 140?
140
What is the highest common divisor of 185160 and 20?
20
What is the greatest common factor of 4264 and 32?
8
Calculate the highest common factor of 553596 and 24.
12
Calculate the greatest common divisor of 1175 and 137710.
235
Calculate the greatest common divisor of 52 and 99697.
13
Calculate the greatest common divisor of 14 and 279664.
14
What is the greatest common divisor of 4066 and 38306?
214
What is the greatest common divisor of 1159 and 22448?
61
Calculate the highest common factor of 558 and 8622.
18
Calculate the greatest common divisor of 4890 and 91769.
163
What is the greatest common factor of 16425 and 1575?
225
What is the highest common factor of 2442 and 70448?
74
What is the highest common divisor of 3224125 and 25?
25
Calculate the highest common factor of 45994 and 2.
2
Calculate the highest common factor of 27324 and 702.
54
What is the highest common divisor of 13 and 928031?
13
Calculate the greatest common divisor of 1334 and 33442.
46
Calculate the greatest common factor of 4690 and 10780.
70
Calculate the highest common divisor of 925 and 703925.
925
Calculate the highest common factor of 7060 and 292.
4
What is the greatest common factor of 37